0483 composite?
False
Is 3865429 a composite number?
False
Is 150430169 a prime number?
True
Is 75468941 a prime number?
True
Is 957199 a composite number?
True
Is 59385499 a composite number?
False
Is 7148107 a prime number?
False
Is 7824657 prime?
False
Is 56926 composite?
True
Is 1829171 composite?
False
Is 10685243 a prime number?
True
Is 25326523 composite?
False
Is 230999 a prime number?
True
Is 168697 composite?
False
Is 26636041 composite?
True
Is 3537337 prime?
True
Is 22519601 a prime number?
False
Is 44998049 a prime number?
True
Is 2542993 a prime number?
False
Is 5803195 a prime number?
False
Is 3139937 prime?
False
Is 196921 a prime number?
False
Is 491663561 composite?
False
Is 609291959 a prime number?
False
Is 18228827 prime?
False
Is 24189821 composite?
False
Is 3307351 prime?
True
Is 121216057 a prime number?
True
Is 2917403 a prime number?
True
Is 13873943 prime?
False
Is 52389607 a prime number?
False
Is 5870381 prime?
False
Is 30794857 a composite number?
False
Is 63873443 a prime number?
True
Is 7097707 prime?
False
Is 284846615 composite?
True
Is 15791 a composite number?
False
Is 30687743 a prime number?
True
Is 2078927 prime?
True
Is 794149 a composite number?
False
Is 5016353 composite?
False
Is 76919831 a prime number?
True
Is 132910679 a composite number?
True
Is 189293047 a prime number?
True
Is 589713049 a composite number?
False
Is 1354889 a composite number?
False
Is 506929 a prime number?
True
Is 1169474 a composite number?
True
Is 3018121 a composite number?
False
Is 45529123 composite?
True
Is 1920797 a composite number?
False
Is 213885307 prime?
True
Is 3664277 a composite number?
True
Is 703531 a prime number?
True
Is 13777 composite?
True
Is 965711 composite?
False
Is 1145173 a prime number?
True
Is 3215687 a composite number?
False
Is 460120141 a prime number?
False
Is 20803091 a composite number?
False
Is 5594591 a prime number?
True
Is 711217 composite?
True
Is 897727 prime?
True
Is 22141415 a composite number?
True
Is 112651277 prime?
True
Is 15784141 a composite number?
True
Is 8963153 a prime number?
False
Is 491501859 prime?
False
Is 75056473 prime?
False
Is 7522 a composite number?
True
Is 1612393 prime?
True
Is 4821793 a prime number?
True
Is 1163359 prime?
False
Is 42456149 prime?
True
Is 16916899 a prime number?
True
Is 9849127 a prime number?
True
Is 7765103 a prime number?
True
Is 40657601 a prime number?
True
Is 9846211 a prime number?
False
Is 36581443 composite?
False
Is 6060917 a prime number?
False
Is 281985371 composite?
True
Is 70148821 composite?
True
Is 16850029 prime?
False
Is 24761507 a composite number?
True
Is 1176685 prime?
False
Is 3759479 composite?
False
Is 10902239 a prime number?
True
Is 28901498 a prime number?
False
Is 282836857 a composite number?
False
Is 1068407 a prime number?
True
Is 831799 a composite number?
False
Is 258110561 a composite number?
False
Is 10514701 a composite number?
True
Is 65920111 a composite number?
False
Is 18307099 prime?
True
Is 221532449 a prime number?
True
Is 1546763 composite?
True
Is 1061195 a composite number?
True
Is 118175087 a prime number?
False
Is 15287021 prime?
True
Is 6609679 a composite number?
False
Is 178933597 a prime number?
True
Is 9269119 prime?
True
Is 3251827 composite?
True
Is 9573583 composite?
False
Is 350597729 prime?
True
Is 81536269 a composite number?
False
Is 160899491 composite?
False
Is 914777 composite?
False
Is 291286 a composite number?
True
Is 2671883 a composite number?
False
Is 900827 composite?
True
Is 252299927 prime?
False
Is 272698681 composite?
True
Is 422711 a prime number?
True
Is 132951649 a prime number?
False
Is 26921 a prime number?
True
Is 789169 a prime number?
True
Is 151508463 prime?
False
Is 15130363 prime?
True
Is 15267839 composite?
False
Is 4532933 a composite number?
True
Is 102677747 composite?
False
Is 2767187 a prime number?
False
Is 10464581 a prime number?
True
Is 3811037 a composite number?
True
Is 464255185 a composite number?
True
Is 73103161 a composite number?
True
Is 283864353 a prime number?
False
Is 8744497 prime?
True
Is 129198479 a prime number?
True
Is 7008629 a composite number?
True
Is 488861 composite?
False
Is 75854734 a prime number?
False
Is 184839791 a composite number?
False
Is 168392521 composite?
True
Is 21538789 a composite number?
False
Is 54527073 prime?
False
Is 75893 a composite number?
True
Is 699915637 prime?
False
Is 21369463 composite?
True
Is 637573 a prime number?
True
Is 79992607 composite?
True
Is 56187611 a prime number?
True
Is 85425629 prime?
False
Is 6745997 a prime number?
True
Is 102323861 prime?
False
Is 4588754 a prime number?
False
Is 843841 a prime number?
True
Is 109925981 a composite number?
True
Is 112993495 a prime number?
False
Is 1617073 a composite number?
True
Is 115018174 composite?
True
Is 14463219 composite?
True
Is 2754773 composite?
True
Is 5714113 composite?
True
Is 3520399 a composite number?
False
Is 2485319 prime?
True
Is 4423099 composite?
True
Is 82705685 composite?
True
Is 112407731 prime?
True
Is 1403123 a composite number?
True
Is 198767 a composite number?
True
Is 33341869 prime?
False
Is 21899447 a composite number?
False
Is 42528923 prime?
True
Is 8197861 a composite number?
True
Is 5289461 prime?
True
Is 28500965 a prime number?
False
Is 4289447 prime?
False
Is 1653121 composite?
True
Is 76496281 a composite number?
True
Is 125093 a composite number?
False
Is 2107811 a prime number?
True
Is 932432785 prime?
False
Is 1229907662 composite?
True
Is 30465146 prime?
False
Is 265037 composite?
False
Is 784022801 a composite number?
True
Is 1597391 prime?
True
Is 44952907 composite?
False
Is 6509977 a prime number?
True
Is 3428969 a composite number?
True
Is 465151 a composite number?
False
Is 4382801 a composite number?
False
Is 47029063 composite?
False
Is 11133119 composite?
False
Is 28420081 a composite number?
False
Is 141132097 composite?
True
Is 3367761 a composite number?
True
Is 14946887 prime?
True
Is 3372493 a composite number?
True
Is 71444771 a prime number?
False
Is 16660439 a composite number?
False
Is 45237121 prime?
True
Is 26407 composite?
False
Is 2040271 composite?
True
Is 80011517 a prime number?
False
Is 147078695 prime?
False
Is 867201 a prime number?
False
Is 5871847 composite?
True
Is 90346181 prime?
True
Is 37453577 prime?
False
Is 3206633 prime?
True
Is 6836539 prime?
True
Is 2094877 composite?
True
Is 480827 prime?
True
Is 3197419 prime?
True
Is 1121987 a composite number?
False
Is 95173453 a prime number?
False
Is 257066783 composite?
False
Is 35997889 a prime number?
True
Is 34868843 prime?
True
Is 1634561 composite?
True
Is 1254271 a composite number?
True
Is 1343821 a composite number?
True
Is 38823557 a prime number?
True
Is 37142431 a composite number?
True
Is 2028179 composite?
False
Is 5658761 prime?
True
Is 782124715 a prime number?
False
Is 280746077 a composite number?
False
Is 2552747 prime?
False
Is 425488949 composite?
False
Is 1450103 composite?
False
Is 17416961 a composite number?
True
Is 23531 composite?
False
Is 3542197 a composite number?
True
Is 76108073 a composite number?
False
Is 370057 a composite number?
False
Is 32967327 a prime number?
False
Is 72496933 a prime number?
True
Is 109029893 a prime number?
False
Is 8381531 prime?
True
Is 1677857 composite?
False
Is 3212413 composite?
False
Is 2883181 a prime number?
False
Is 144103259 a prime number?
True
Is 16643189 composite?
False
Is 69459553 a composite number?
True
Is 112264331 a prime number?
False
Is 16246277 prime?
True
Is 1787827 a prime number?
True
Is 27819559 prime?
True
Is 103688611 composite?
True
Is 3323447 prime?
True
Is 30798613 a composite number?
False
Is 25229471 composite?
False
Is 585898793 prime?
False
Is 4955857 a composite number?
True
Is 13962005 a prime number?
False
Is 14746211 a prime number?
True
Is 3501231 a prime number?
False
Is 39031901 a composite number?
False
Is 4908979 prime?
True
Is 195752923 composite?
False
Is 13731321 a composite number?
True
Is 112349714 prime?
False
Is 4330717 composite?
False
Is 5584831 prime?
False
Is 14325931 composite?
False
Is 10336159 composite?
False
Is 10957 a composite number?
False
Is 34363481 a composite number?
False
Is 353335051 a composi